{"id":375,"date":"2018-07-31T08:58:16","date_gmt":"2018-07-31T08:58:16","guid":{"rendered":"https:\/\/read-tea-leaves.de\/?page_id=375"},"modified":"2020-03-31T20:09:21","modified_gmt":"2020-03-31T19:09:21","slug":"band","status":"publish","type":"page","link":"https:\/\/read-tea-leaves.de\/?page_id=375&lang=de","title":{"rendered":"Band"},"content":{"rendered":"<p>Wir sind eine waschechte Rockband und stehen ein f\u00fcr handgemachte Rockmusik. Wir spielen Cover-Songs von den 70ern bis heute. Die Band \u201eRead Tea Leaves\u201c wurde 2016 gegr\u00fcndet und ist seit Mai 2018 in heutiger Formation am rocken. Alle gemeinsam haben wir unsere Leidenschaft f\u00fcr Rockmusik, die uns verbindet und die wir f\u00fcr euch auf die B\u00fchne bringen.<\/p>\n<p>Gerne spielen wir auch auf eurer Party! Wenn euch unsere musikalischen Wellenl\u00e4ngen erreicht haben, schickt uns doch einfach eine Mail mit eurer Anfrage (Men\u00fcpunkt \u201eContact\u201c). Musik-W\u00fcnsche oder Lob k\u00f6nnt ihr so auch gerne loswerden. Von Spam und Tadel bitten wir abzusehen, da vollkommen unn\u00f6tig.<\/p>\n<p>&nbsp;<\/p>\n<h2 style=\"text-align: center;\">Band Mitglieder:<\/h2>\n<div id='gallery-1' class='gallery galleryid-375 gallery-columns-3 gallery-size-thumbnail'><figure class='gallery-item'>\n\t\t\t<div class='gallery-icon landscape'>\n\t\t\t\t<a href='https:\/\/read-tea-leaves.de\/?attachment_id=380'><img loading=\"lazy\" decoding=\"async\" width=\"150\" height=\"150\" src=\"https:\/\/read-tea-leaves.de\/wp-content\/uploads\/2018\/07\/2018-07-28-16-26-39-150x150.jpg\" class=\"attachment-thumbnail size-thumbnail\" alt=\"\" aria-describedby=\"gallery-1-380\" \/><\/a>\n\t\t\t<\/div>\n\t\t\t\t<figcaption class='wp-caption-text gallery-caption' id='gallery-1-380'>\n\t\t\t\tBibi &#8211; Gesang\n\t\t\t\t<\/figcaption><\/figure><figure class='gallery-item'>\n\t\t\t<div class='gallery-icon landscape'>\n\t\t\t\t<a href='https:\/\/read-tea-leaves.de\/?attachment_id=382&#038;lang=de'><img loading=\"lazy\" decoding=\"async\" width=\"150\" height=\"150\" src=\"https:\/\/read-tea-leaves.de\/wp-content\/uploads\/2017\/10\/Attaching_05.08-36-150x150.jpg\" class=\"attachment-thumbnail size-thumbnail\" alt=\"Conny\" aria-describedby=\"gallery-1-382\" \/><\/a>\n\t\t\t<\/div>\n\t\t\t\t<figcaption class='wp-caption-text gallery-caption' id='gallery-1-382'>\n\t\t\t\tConny &#8211; Schlagzeug\n\t\t\t\t<\/figcaption><\/figure><figure class='gallery-item'>\n\t\t\t<div class='gallery-icon landscape'>\n\t\t\t\t<a href='https:\/\/read-tea-leaves.de\/?attachment_id=383'><img loading=\"lazy\" decoding=\"async\" width=\"150\" height=\"150\" src=\"https:\/\/read-tea-leaves.de\/wp-content\/uploads\/2017\/10\/IMG_7292-150x150.jpg\" class=\"attachment-thumbnail size-thumbnail\" alt=\"\" aria-describedby=\"gallery-1-383\" \/><\/a>\n\t\t\t<\/div>\n\t\t\t\t<figcaption class='wp-caption-text gallery-caption' id='gallery-1-383'>\n\t\t\t\tHack &#8211; Gitarren\n\t\t\t\t<\/figcaption><\/figure><figure class='gallery-item'>\n\t\t\t<div class='gallery-icon portrait'>\n\t\t\t\t<a href='https:\/\/read-tea-leaves.de\/?attachment_id=381'><img loading=\"lazy\" decoding=\"async\" width=\"150\" height=\"150\" src=\"https:\/\/read-tea-leaves.de\/wp-content\/uploads\/2017\/10\/IMG_7279-150x150.jpg\" class=\"attachment-thumbnail size-thumbnail\" alt=\"\" aria-describedby=\"gallery-1-381\" \/><\/a>\n\t\t\t<\/div>\n\t\t\t\t<figcaption class='wp-caption-text gallery-caption' id='gallery-1-381'>\n\t\t\t\tHub &#8211; Bass\n\t\t\t\t<\/figcaption><\/figure>\n\t\t<\/div>\n\n<h2 style=\"text-align: center;\"><strong>Gallerie:<\/strong><\/h2>\nngg_shortcode_0_placeholder\n","protected":false},"excerpt":{"rendered":"<p>Wir sind eine waschechte Rockband und stehen ein f\u00fcr handgemachte Rockmusik. Wir spielen Cover-Songs von den 70ern bis heute. Die Band \u201eRead Tea Leaves\u201c wurde 2016 gegr\u00fcndet und ist seit Mai 2018 in heutiger Formation&hellip; <\/p>\n<p><a class=\"more-link\" href=\"https:\/\/read-tea-leaves.de\/?page_id=375&#038;lang=de\">Band weiterlesen<\/a><\/p>\n","protected":false},"author":1,"featured_media":21,"parent":0,"menu_order":0,"comment_status":"closed","ping_status":"closed","template":"","meta":{"ngg_post_thumbnail":0,"footnotes":""},"class_list":["post-375","page","type-page","status-publish","has-post-thumbnail","hentry"],"_links":{"self":[{"href":"https:\/\/read-tea-leaves.de\/index.php?rest_route=\/wp\/v2\/pages\/375","targetHints":{"allow":["GET"]}}],"collection":[{"href":"https:\/\/read-tea-leaves.de\/index.php?rest_route=\/wp\/v2\/pages"}],"about":[{"href":"https:\/\/read-tea-leaves.de\/index.php?rest_route=\/wp\/v2\/types\/page"}],"author":[{"embeddable":true,"href":"https:\/\/read-tea-leaves.de\/index.php?rest_route=\/wp\/v2\/users\/1"}],"replies":[{"embeddable":true,"href":"https:\/\/read-tea-leaves.de\/index.php?rest_route=%2Fwp%2Fv2%2Fcomments&post=375"}],"version-history":[{"count":4,"href":"https:\/\/read-tea-leaves.de\/index.php?rest_route=\/wp\/v2\/pages\/375\/revisions"}],"predecessor-version":[{"id":390,"href":"https:\/\/read-tea-leaves.de\/index.php?rest_route=\/wp\/v2\/pages\/375\/revisions\/390"}],"wp:featuredmedia":[{"embeddable":true,"href":"https:\/\/read-tea-leaves.de\/index.php?rest_route=\/wp\/v2\/media\/21"}],"wp:attachment":[{"href":"https:\/\/read-tea-leaves.de\/index.php?rest_route=%2Fwp%2Fv2%2Fmedia&parent=375"}],"curies":[{"name":"wp","href":"https:\/\/api.w.org\/{rel}","templated":true}]}}